 s(r) = 83*r**2 + 383*r - 170. Give s(-5).
-10
Let r(m) = m**3 - 289*m**2 - 2704*m + 6542. What is r(298)?
-14
Let o(r) = r**3 - 59*r**2 + 861*r + 14. Calculate o(27).
-67
Let m(i) = i**3 + 99*i**2 + 1740*i + 7954. Give m(-78).
-2
Let a(j) = j**3 + 27*j**2 - 4399*j + 1361. Determine a(54).
11
Let g(i) = -5990*i - 2779321. What is g(-464)?
39
Let q(f) = -16*f**2 - f + 159. Calculate q(3).
12
Let a(r) = -20560*r + 657917. Calculate a(32).
-3
Let c(t) = 1674*t + 103783. Determine c(-62).
-5
Let w(x) = 872*x - 8738. Give w(10).
-18
Let s(d) = d**3 - 23*d**2 - 3984*d + 88213. What is s(22)?
81
Let t(a) = 3*a**2 + 467*a + 17270. Give t(-95).
-20
Let o(k) = -202*k + 3512. What is o(21)?
-730
Let s(k) = -k**2 - 975*k + 17810. Calculate s(19).
-1076
Let f(j) = -111*j - 2953. What is f(-21)?
-622
Let j(c) = c**2 - 1661*c - 42153. Calculate j(-25).
-3
Let u(l) = -l**2 + 2322827*l - 22. Calculate u(0).
-22
Let y(c) = 88*c**3 - 69*c**2 - 94*c + 98. Give y(1).
23
Let h(g) = 8*g**2 + 154*g + 707. Give h(-15).
197
Let k(v) = -v**2 - 222*v + 5696. Give k(23).
61
Let p(b) = 5*b**2 - 707*b + 1693. Determine p(139).
25
Let i(p) = -21*p**2 + 46*p + 60. Calculate i(-5).
-695
Let j(f) = 1778*f - 4330. Calculate j(3).
1004
Let p(i) = 11*i**3 - 48*i**2 + 61*i - 10. Determine p(2).
8
Let j(l) = 13854*l + 554166. Calculate j(-40).
6
Let y(f) = 2678*f + 1014959. Calculate y(-379).
-3
Let z(h) = 4*h**3 - 1436*h**2 - 57*h + 20460. What is z(359)?
-3
Let k(b) = 311*b - 51844. Determine k(168).
404
Let k(y) = 978973*y + 13705617. Give k(-14).
-5
Let y(g) = -7*g**2 - 94*g - 1088. Give y(-9).
-809
Let r(c) = -c**2 - 2156*c - 17409. What is r(-8)?
-225
Let t(k) = -8387*k - 50548. What is t(-6)?
-226
Let s(d) = 5850*d**2 + 35094*d - 33. Determine s(-6).
3
Let t(q) = -124*q**2 + 153*q + 149. What is t(-1)?
-128
Let y(g) = 6712*g + 26861. Calculate y(-4).
13
Let j(i) = 2*i**3 + 517*i**2 - 1289*i + 4216. Give j(-261).
40
Let n(m) = -m**3 + 57*m**2 - 108*m + 2755. What is n(56)?
-157
Let s(u) = 10*u**3 - 25*u**2 + 3*u + 8. What is s(8)?
3552
Let a(x) = -235*x - 5803. Calculate a(-24).
-163
Let a(x) = 4*x - 798. Give a(-23).
-890
Let q(b) = -19*b**2 + 479*b - 3035. What is q(13)?
-19
Let k(d) = -811*d - 18734. Give k(-23).
-81
Let r(b) = -81*b + 83. Give r(3).
-160
Let p(s) = 24543*s + 147230. What is p(-6)?
-28
Let b(p) = -37370*p - 784957. What is b(-21)?
-187
Let d(q) = 13*q**2 + 3411*q + 16715. Give d(-5).
-15
Let c(n) = -n**3 + 80*n**2 + 61*n - 7978. What is c(79)?
3082
Let x(f) = -22555*f - 4974. Give x(0).
-4974
Let v(x) = 5*x**2 - 394*x - 7287. Calculate v(94).
-143
Let w(v) = v**3 - 16*v**2 - 2503*v + 37767. Calculate w(15).
-3
Let c(s) = -s**3 + 492*s**2 + 498*s - 2437. Calculate c(493).
28
Let v(t) = -137*t**3 - 807*t**2 + 58*t + 263. What is v(-6)?
455
Let l(w) = 3*w**2 + 253*w + 6762. What is l(-60)?
2382
Let y(m) = 391*m + 58595. What is y(-150)?
-55
Let z(y) = -y**2 - 167*y + 9443. Determine z(-213).
-355
Let i(n) = -32*n**2 - 2014*n + 117. Calculate i(-63).
-9
Let w(z) = -2*z**3 - 32*z**2 - 5*z + 1160. Determine w(-11).
5
Let y(j) = -12*j**3 + 598*j**2 + 534*j - 21662. Determine y(50).
38
Let f(x) = -354*x**3 + 37*x**2 + 41*x + 5. What is f(-1)?
355
Let z(w) = -81248*w - 649980. Determine z(-8).
4
Let n(k) = 2*k**3 - 233*k**2 + 6193*k - 99. Give n(41).
-17
Let v(z) = -z**3 - 77*z**2 + 332*z + 265. What is v(-81)?
-383
Let t(h) = 2*h**2 + 438*h - 29428. What is t(-273)?
56
Let c(g) = -g**3 + 134*g**2 + 271*g - 56. What is c(136)?
-192
Let z(v) = -v**3 + 336*v**2 + 2549*v - 50785. Calculate z(343).
-21
Let o(i) = 1502*i + 13103. Give o(-8).
1087
Let n(l) = -9*l + 310. What is n(38)?
-32
Let h(o) = -360*o - 5995. Calculate h(-20).
1205
Let p(f) = -16*f**2 - 14*f + 27. Give p(3).
-159
Let r(o) = -6*o**3 - 550*o**2 + 241*o + 5244. Give r(-92).
0
Let j(i) = -64*i**3 + 15*i**2 - 366*i + 684. Calculate j(2).
-500
Let k(i) = -17*i**2 - 3781*i + 45235. Determine k(12).
-2585
Let u(r) = r**3 + 151*r**2 + 5495*r + 362. What is u(-90)?
-88
Let i(x) = x**3 + 13*x**2 - 889*x - 9758. Calculate i(-11).
263
Let z(q) = -q**2 - 4738*q - 683768. Give z(-149).
-7
Let g(a) = -53*a**3 - 37950*a**2 - 1467*a - 25065. Determine g(-716).
-5
Let p(b) = 2*b**2 + 82*b - 114494. Give p(220).
346
Let s(u) = -5147459*u + 118391557. Determine s(23).
0
Let z(w) = 20*w**3 + 96*w**2 - 1333*w - 6614. Give z(-5).
-49
Let z(g) = 57826*g - 8384780. Calculate z(145).
-10
Let o(z) = 9*z**2 + 46*z - 135. Calculate o(2).
-7
Let c(j) = 5*j**2 + 13723*j - 41231. Determine c(3).
-17
Let z(a) = -82*a**2 + 1140*a + 15. Give z(14).
-97
Let d(v) = -3608*v**2 - 443781*v + 264. Give d(-123).
-105
Let v(b) = -b**2 - 6791*b + 508058. Give v(74).
48
Let i(v) = -3*v**2 + 1326*v + 13422. Give i(-10).
-138
Let a(b) = b**3 - 3285*b**2 + 32760*b - 96. Determine a(10).
4
Let y(j) = -216*j + 5279. What is y(25)?
-121
Let w(j) = -j**2 + 1788*j + 12573. Determine w(-7).
8
Let w(u) = -u**2 + 355*u - 27336. Give w(113).
10
Let y(b) = -271*b**3 + 2170*b**2 - 19*b - 5. Determine y(8).
-29
Let x(m) = -11854*m + 759538. Give x(64).
882
Let u(s) = 4*s**3 - 87*s**2 - 2470*s + 68. Determine u(38).
68
Let g(c) = c**3 - 3*c**2 - 32*c + 230. Give g(-7).
-36
Let c(z) = -z**3 + 27*z**2 - 22*z + 96. Determine c(24).
1296
Let c(d) = -4*d**3 + 4*d**2 - 141*d + 272. What is c(2)?
-26
Let r(f) = f**3 + 61*f**2 + 875*f - 77. Give r(-39).
-740
Let w(x) = -4*x**2 + 5707*x - 34210. Calculate w(6).
-112
Let m(n) = 1228*n - 5089. Determine m(4).
-177
Let t(s) = 304*s**2 + 1904*s + 244. Calculate t(-6).
-236
Let k(f) = f**3 - 201*f**2 - 1336*f + 63030. Give k(206).
-6
Let u(r) = r**3 - 3687*r**2 - 18452*r + 47. What is u(-5)?
7
Let i(l) = 8262*l - 1125. Calculate i(0).
-1125
Let d(z) = -4*z**3 - 116*z**2 + 761*z + 22025. Calculate d(-29).
-44
Let j(f) = f**2 + 309*f + 23317. Calculate j(-141).
-371
Let m(s) = -s**3 - 66*s**2 + 1362*s - 1055. Calculate m(-83).
3012
Let u(k) = -2*k**2 - 640*k + 589478. Give u(406).
-34
Let b(c) = -c**3 + 28*c**2 - 59*c + 220. Determine b(24).
1108
Let l(c) = c**3 + 790*c**2 + 60546*c + 1399. What is l(-704)?
-9
Let w(v) = -653*v - 467. Calculate w(0).
-467
Let s(u) = 7054*u + 176373. What is s(-25)?
23
Let h(a) = -a**2 + 1890*a + 16998. Calculate h(-9).
-93
Let c(d) = -2*d**2 + 99*d + 28. Give c(26).
1250
Let c(k) = -221*k + 18209. Determine c(86).
-797
Let u(l) = -2985*l + 47526. Determine u(16).
-234
Let u(h) = 3*h**3 + 899*h**2 + 7577*h - 2444. Determine u(-9).
-5
Let l(t) = 2*t**2 - 142*t - 1390. Determine l(-8).
-126
Let p(b) = -b**3 + 20*b**2 + 24*b - 722. What is p(24)?
-2450
Let v(g) = 293*g**2 - 40716*g - 1517. Determine v(139).
12
Let x(t) = 2*t**3 - 70*t**2 + 78*t + 119. Determine x(34).
459
Let a(r) = -16*r**2 - 3052*r + 6877. What is a(-193)?
-71
Let y(l) = -15*l**2 - 327*l - 952. Calculate y(-3).
-106
Let j(z) = 2*z**3 + 715*z**2 + 129*z + 174349. Calculate j(-358).
3
Let u(q) = -17913*q + 1307640. Give u(73).
-9
Let h(i) = -i**3 + 119*i**2 - 3043*i - 121. Determine h(35).
-3726
Let w(o) = -o**2 + 2030229*o + 40604981. Calculate w(-20).
1
Let g(j) = -402*j**2 - 1597*j - 17. Determine g(-4).
-61
Let u(a) = 4492*a + 1010713. Give u(-225).
13
Let g(v) = -v**3 + 61*v**2 + 462*v - 8717. What is g(66)?
-5
Let t(y) = -10*y**2 - 552*y + 4211. Calculate t(-62).
-5
Let y(n) = -25*n**3 - 749*n**2 + 51*n + 633. Calculate y(-30).
3
Let n(p) = -77*p**2 - 12300*p + 3190. Calculate n(-160).
-10
Let w(r) = 5*r**2 - 1228*r - 15988. Calculate w(-13).
821
Let b(x) = 8*x**3 - 39*x**2 + 24*x - 178. What is b(9)?
2711
Let k(b) = -12*b**3 - 476*b**2 - 943*b + 9. What is k(-2)?
87
Let r(x) = x**3 + 89*x**2 + 1061*x - 3895. Calculate r(-18).
11
Let d(k) = k**3 + 46*k**2 + 112*k + 5221. Calculate d(-46).
69
Let y(o) = 217037*o + 1085194. Calculate y(-5).
9
Let n(g) = -514022*g + 1542077. Give n(3).
11
Let s(j) = 240*j**2 - 57*j + 26. Calculate s(-1).
323
Let y(x) = -2*x**2 + 4627*x - 181900. Determine y(40).
-20
Let w(h) = 3*h**2 + 350*h - 1174. Give w(-120).
26
Let b(i) = 134*i - 6114. Determine b(45).
-84
Let b(n) = 1203040*n - 9624325. Give b(8).
-5
Let t(k) = -505*k**2 - 77229*k + 5551. What is t(-153)?
43
Let q(u) = -57*u**2 - 2383*u - 4771. Determine q(-2).
-233
Let m(r) = -250*r**2 - 52*r + 121. Calculate m(2).
-983
Let m(w) = -